{"id":14,"date":"2007-10-12T19:45:21","date_gmt":"2007-10-12T22:45:21","guid":{"rendered":"http:\/\/www.raicesmusicales.com.ar\/?page_id=14"},"modified":"2007-10-26T19:09:59","modified_gmt":"2007-10-26T22:09:59","slug":"condiciones-para-enviar-datos-de-obras","status":"publish","type":"page","link":"https:\/\/www.raicesmusicales.com.ar\/?page_id=14","title":{"rendered":"Condiciones para enviar datos de obras"},"content":{"rendered":"<h4>Para enviar datos de una obra, la misma deber\u00e1 tener los siguientes requisitos:<\/h4>\n<ol>\n<li>Fecha de composici\u00f3n: a partir de 1900.<\/li>\n<li>De compositor\/a latinoamericano\/a, inclusive residente fuera de Am\u00e9rica Latina.<\/li>\n<li>De compositor\/a residente en Am\u00e9rica Latina, de cualquier nacionalidad.<\/li>\n<li>Org\u00e1nico: instrumentos solos, grupos de c\u00e1mara, obras vocales, corales, sinf\u00f3nico-corales y solos con orquesta.<\/li>\n<\/ol>\n<h4>Para poder hacer su colaboraci\u00f3n deber\u00e1:<\/h4>\n<ol>\n<li>Registrarse<\/li>\n<li>Elegir la opci\u00f3n Enviar datos de obras (link a env\u00edo) y llenar los campos solicitados del formulario, uno por obra.<\/li>\n<li>Enviar el formulario.<\/li>\n<li>Enviar una la partitura a alguna de las siguientes direcciones:<strong> Elena Dabul<\/strong> &#8211; Departamento de M\u00fasica &#8211; Facultad de Artes y Dise\u00f1o &#8211; Universidad Nacional de Cuyo &#8211; Lavalle 373 &#8211; 5500 Mendoza &#8211; Rep\u00fablica Argentina<\/li>\n<\/ol>\n<ul>\n<li>Correos electr\u00f3nicos: f<strong>ranciscoprado@uncu.edu.ar<\/strong> &#8211; <strong>evillafa@uncu.edu.ar<\/strong><\/li>\n<\/ul>\n","protected":false},"excerpt":{"rendered":"<p>Para enviar datos de una obra, la misma deber\u00e1 tener los siguientes requisitos: Fecha de composici\u00f3n: a partir de 1900. De compositor\/a latinoamericano\/a, inclusive residente fuera de Am\u00e9rica Latina. De compositor\/a residente en Am\u00e9rica Latina, de cualquier nacionalidad. Org\u00e1nico: instrumentos solos, grupos de c\u00e1mara, obras vocales, corales, sinf\u00f3nico-corales y solos con orquesta. Para poder hacer [&hellip;]<\/p>\n","protected":false},"author":1,"featured_media":0,"parent":3,"menu_order":0,"comment_status":"closed","ping_status":"closed","template":"","meta":[],"_links":{"self":[{"href":"https:\/\/www.raicesmusicales.com.ar\/index.php?rest_route=\/wp\/v2\/pages\/14"}],"collection":[{"href":"https:\/\/www.raicesmusicales.com.ar\/index.php?rest_route=\/wp\/v2\/pages"}],"about":[{"href":"https:\/\/www.raicesmusicales.com.ar\/index.php?rest_route=\/wp\/v2\/types\/page"}],"author":[{"embeddable":true,"href":"https:\/\/www.raicesmusicales.com.ar\/index.php?rest_route=\/wp\/v2\/users\/1"}],"replies":[{"embeddable":true,"href":"https:\/\/www.raicesmusicales.com.ar\/index.php?rest_route=%2Fwp%2Fv2%2Fcomments&post=14"}],"version-history":[{"count":0,"href":"https:\/\/www.raicesmusicales.com.ar\/index.php?rest_route=\/wp\/v2\/pages\/14\/revisions"}],"up":[{"embeddable":true,"href":"https:\/\/www.raicesmusicales.com.ar\/index.php?rest_route=\/wp\/v2\/pages\/3"}],"wp:attachment":[{"href":"https:\/\/www.raicesmusicales.com.ar\/index.php?rest_route=%2Fwp%2Fv2%2Fmedia&parent=14"}],"curies":[{"name":"wp","href":"https:\/\/api.w.org\/{rel}","templated":true}]}}